7*q + 2*q**2 - 3 + v*q**3 - 40*q**3. Determine i(3).
3
Let r(v) = -v**3 - 3*v**2 + 6*v + 4. Suppose 2*s - 2*t + 21 = -11, 3*s + 36 = -3*t. Suppose -w + 3*k = 18, 7*k = w + 2*k + 18. Let c = w - s. What is r(c)?
-4
Suppose -211*o + 208*o + 12 = 0. Let m(t) = t - 4. Let i(q) = -2*q + 4. Let g(k) = 2*i(k) + 3*m(k). Determine g(o).
-8
Let a(m) = m**3 + 2*m**2. Let g(w) = w + 1. Let o(b) = -6*b + 4. Let c(s) = 5*g(s) + o(s). Let l be c(11). Determine a(l).
0
Let i(x) = -x - 9. Let m be 3/(30/(-9) - -3). Let k be i(m). Let d(b) = b**2 - b + 5. What is d(k)?
5
Let p(l) = -l**3 - 5*l**2 - 4*l - 5. Suppose 2*j - 34 = 16. Suppose -a - 4*a + j = 0. Let x = a - 10. Give p(x).
15
Let w be (-2 - -1)/((-12)/(-36) - 0). Let o(f) = -f + f**3 + 1 + 3*f**2 - 2*f - 4. What is o(w)?
6
Let w(u) = 5*u + 48. Let o(q) = 8 - 486*q + 487*q + 4. Let r(y) = 9*o(y) - 2*w(y). Give r(5).
7
Let s be 0/(3 - 2) + 1. Suppose -8*t = -0 - 16. Let r(m) = s - t + 0 - 5*m**2. What is r(1)?
-6
Suppose 13 = 4*p + 1. Let z(u) = 0*u**3 + 5*u**2 - 6*u + 2 + 1 + u**p - 5. Let i be z(-6). Let v(n) = 4*n + 3. Calculate v(i).
-5
Let r(o) = -o**3 - 7*o**2 - 9*o - 3. Suppose 80 = 504*j - 520*j. What is r(j)?
-8
Let s(p) = p**3 - 11*p**2 - 14*p + 8. Let m be s(13). Let g(u) = m*u**2 - 163*u**2 - u - u. Suppose -6*q + 2*q + 18 = -2*k, 5*q = -3*k - 5. What is g(q)?
0
Let q be (-15)/45 - (-14)/6. Suppose -18 - 22 = 5*n + q*s, 2*s = -10. Let u(w) = -w**2 - 3*w + 6. What is u(n)?
-12
Let x(p) = -8*p**2 - 24*p + 13. Let o(w) = 3*w**2 + 11*w - 7. Let f(z) = 5*o(z) + 2*x(z). Give f(6).
-3
Let o(g) = -g**3 - 2*g**2 + 3*g + 2. Suppose -3*m + 1 = 5*k, -k + 4*k = 4*m + 18. Let x be o(m). Let v(h) = -4*h**2 + 2*h - 2. Calculate v(x).
-14
Let n(w) be the first derivative of -w**3/3 - 4*w**2 + 6*w - 108. Determine n(-9).
-3
Suppose 3*t + 10*q - 6*q = 78, 2*q = 3*t - 60. Suppose 12*m + 20 = t*m. Let w(p) = -p**2 + 2*p - 2. Determine w(m).
-2
Let t(c) = -c. Let w be (20/25)/(4/(-40)). Let k be ((-33)/6)/((-4)/w). Let x = k + 17. Give t(x).
-6
Let j(o) = -o - 2. Let l be j(6). Let t(c) = -c**2 - 38*c - 4. Let h(a) = 3*a**2 + 130*a + 14. Let q(y) = 2*h(y) + 7*t(y). What is q(l)?
-16
Let b(c) = 17*c - 235. Let n be b(14). Let s(o) = -o - o + 9*o - 1. Give s(n).
20
Let z(j) = -j**3 + 8*j**2 - 7*j - 3. Suppose -3*b - x - 175 = -3*x, -5*b = -x + 280. Let o = b - -62. What is z(o)?
-3
Let m(q) = q + 1. Suppose -4*z - 4*s - 8 = 0, -5*z - 5*s = -z + 9. Let y(h) = 5*h + 5. Let w(j) = z*y(j) + 3*m(j). Suppose 3*o = 6 - 15. Determine w(o).
4
Let t(n) be the third derivative of -1/30*n**5 + 0*n + 0*n**4 - 1/120*n**6 + 1/6*n**3 + 4*n**2 + 0. Suppose 3*f + 22 = 4*x, 2*f = -f - 3*x + 6. Calculate t(f).
1
Let a = -273 - -277. Let n(q) = -q**3 + 2*q**2 + 7*q - 2. Determine n(a).
-6
Let i(n) = -63*n**2 - 11 + 114*n**2 + 11*n - n**3 - 42*n**2. Calculate i(10).
-1
Let i(j) be the third derivative of -j**4/6 - j**3/2 + 4*j**2. Suppose -2*o = -8*l + 4*l + 16, 4*o = 0. Calculate i(l).
-19
Let t(m) = 2*m**2 - 2. Suppose -16*a = 12*a + 56. Determine t(a).
6
Let o(f) = f**2 + 180*f - 340*f + 167*f + 1 + 2. Let y(q) = 2*q**2 - 9*q - 9. Let p be y(5). Calculate o(p).
-9
Let a(c) = c + 1. Suppose 4*t + u = 3, -t - 4*u = -0*u - 12. Suppose t = d + 1. Let b be 1*(d + 4 + -2). Give a(b).
2
Suppose -3*j + 0*j - 4*z = -16, -4*j + 2*z + 58 = 0. Suppose -134*k = -138*k + j. Let t(c) be the third derivative of -c**5/60 + c**4/6 + c**2. Calculate t(k).
3
Let q(o) = o. Let i(a) = -2*a. Suppose -38 = 5*k - 13. Let x(r) = k*q(r) - 3*i(r). Give x(7).
7
Let z(c) = 4*c**3 + c**2 - 5*c**3 - 4*c + 3 - 4*c**3 + 0*c**3. What is z(1)?
-5
Let v(k) = k - 3. Let f(i) be the first derivative of -i**4/4 - i**3 + 2*i**2 - 2*i + 4. Let p be f(-4). Let b be v(p). Let l(h) = 3*h + 6. Give l(b).
-9
Let m be (12/24)/(1/4). Let j be 1/(3/m)*-3. Let w be 0*2*j/4. Let l(c) = c**3 + c**2 - c - 1. Determine l(w).
-1
Let d be (-22)/(-7) - (8 + 0)/56. Let s(h) = -h**3 + 4*h**2 + 5*h - 4. Give s(d).
20
Let y be (0 - -1)*(1 - -1). Suppose y*c = -c. Let r(g) = g**2 - 10 + 79*g**3 - 41*g**3 - g - 37*g**3. Give r(c).
-10
Let u be (-183)/(-9) + 4/6. Suppose -5*q + 2*j - j = -u, -4*j = 4. Let t(w) be the first derivative of -w**3/3 + 2*w**2 - 3*w + 90. Determine t(q).
-3
Let c(i) be the first derivative of -i**3 + 5*i**2/2 - 2*i - 355. Give c(4).
-30
Let r be (-32)/5*15/(-6). Suppose -2*z + 4*z - r = 0. Let f(b) = -b + z - 7 - 2*b. Determine f(2).
-5
Let p(w) = 8 + 11*w - w**2 - 4*w - 6 - 6. Let s be 2/(5/20*-1). Let l = 14 + s. Determine p(l).
2
Let r(t) = -t**3 - 8*t**2 + 6*t + 2. Let n = 1019 + -1028. Give r(n).
29
Let x = -1099 + 1100. Let b(o) = 9*o + 2. What is b(x)?
11
Let q(z) = 3*z + 7. Suppose 3*l + 30 = -5*v + 7*l, -3*l - 18 = 3*v. What is q(v)?
-11
Let u(i) = 113*i**3 - 178*i**3 + 66*i**3 + 3. Suppose -4*q + 3*q = 0. Determine u(q).
3
Let w(o) = 6*o + 7. Suppose 4*s - 14 + 6 = 0. Suppose -6 = -2*h + s*x, 5*h + 2*x + 2*x = 24. Let z(c) = c + 1. Let r(v) = h*w(v) - 28*z(v). Determine r(1).
-4
Let p be ((-10)/35)/((-4)/14). Let q be (-17 - -15)/(p/(-1)). Let i(z) = z**3 - 3*z + 7 - 1 - 3*z**q - 3. Calculate i(4).
7
Suppose -3 = 22*m - 20*m - 3*s, 5*m = 3*s + 6. Let k(w) be the second derivative of 0 - w - 4*w**2 + 1/6*w**m. Determine k(7).
-1
Let l(d) = 31*d - 16. Let b(j) be the first derivative of -3*j**2 + 3*j - 3. Let q(y) = -22*b(y) - 4*l(y). Suppose 20 = 13*v - 3*v. Calculate q(v).
14
Let v(r) = -7*r**2 - r + 1. Let w(k) = -7*k**2 - k + 1. Let l(b) = -5*v(b) + 6*w(b). Determine l(-1).
-5
Let h(u) = u**3 + 13*u**2 - 5*u - 66. Let b be h(-13). Let y(g) = -2*g**3 + g**2 - g - 2. Give y(b).
2
Let b(m) = m + 1. Let t be (-3)/(-21) - 324/63. What is b(t)?
-4
Let u = -2462 - -2458. Let m(l) = -3*l + 1. Let b(x) = 1. Let d(c) = 5*b(c) - m(c). Determine d(u).
-8
Suppose 0 = 4*h - f + 3, 4*h + 3*f = 3*h + 9. Let d(p) be the third derivative of h - 1/60*p**5 - 1/24*p**4 + p**2 + 0*p + 0*p**3. Determine d(-2).
-2
Let x(m) = -231*m**3 - 218*m**3 + 4*m**2 + 446*m**3 - 2*m. Calculate x(1).
-1
Let l(p) = -3*p + 2. Suppose 5*w + 24 = -2*o, 2*w = -2*w. Let f = -8 - o. Suppose 0 = v - 3*v + f. Give l(v).
-4
Let n(s) = 4*s - 2*s**2 - 7*s - 2*s**2 + 5*s + 3. Let b(z) = -z**3 + z**2 - 1. Let r(i) = -b(i) + n(i). What is r(4)?
-4
Let p(x) = x**2 - 6*x + 4. Let t be ((-6)/4)/(25/850). Let w = 58 + t. Give p(w).
11
Let a = -447 + 445. Let m(q) = -5*q + 3. Determine m(a).
13
Let b(f) = -40*f**2 + 19*f**2 + 16*f + 22*f**2 + 34 - 3. Determine b(-13).
-8
Suppose -3*k + 4 = -5*k + 4*x, 0 = 5*k + 2*x + 46. Let o = 14 + k. Suppose a = 4*a + o. Let d(n) = 2*n**2 - n + 2. Determine d(a).
12
Let o(w) = -w**3 + 6*w**2 - 6*w + 5. Suppose 0*q + 2*q = -20. Let f be 36/(-2 + 0) + 3. Let a = q - f. What is o(a)?
0
Let n(s) = -13*s**2 + 1. Let q be n(1). Let t = 14 + q. Let k(z) = t*z - 5*z + 0 + 2 - 3. Calculate k(2).
-7
Let b(i) be the second derivative of -i**6/360 + i**5/40 - i**4/3 - 6*i. Let v(y) be the third derivative of b(y). Determine v(2).
-1
Let f(t) = 6*t**3 - 2*t**2 + 1. Let z(h) = h**3 - 8*h**2 + h - 7. Let n = 15 + -13. Let d(j) = 3*j + 2. Let i be d(n). Let m be z(i). What is f(m)?
5
Let n be ((-4)/(-2) + -1)*5. Let z(c) be the third derivative of -c**4/24 - c**3/3 - c**2 - 6*c. Determine z(n).
-7
Let w(a) = -a - 15. Let p = -465 + 458. Calculate w(p).
-8
Suppose 5*t + 10 + 5 = -2*l, -4*t - 25 = -l. Let u(h) = -6*h + 4. What is u(l)?
-26
Let v(z) = 0 - 4 - z + 0 - 9. Give v(0).
-13
Suppose 0 = -3*c + 41 + 64. Let o = c + -33. Let b(u) = -u**3 + 2*u - 1. Calculate b(o).
-5
Let f = -252 - -251. Let k(m) = 15*m + 1. Determine k(f).
-14
Let x(c) be the second derivative of 3*c**3/2 + 3*c**2/2 + 369*c + 1. Calculate x(-1).
-6
Let y(q) = 2*q**3 + 3*q**2 + 12*q + 20. Let v be y(-2). Let k(h) = -h**3 - 6*h**2 + 15*h + 7. Calculate k(v).
15
Let x(b) = 2*b**2 + 21*b + 20. Let j(l) = l**2 + 10*l + 10. Let w(i) = 5*j(i) - 3*x(i). Give w(-8).
30
Let o(y) = -9*y**2 + 17*y - 11. Let z(r) = 4*r**2 - 8*r + 5. Let h(s) = 3*o(s) + 7*z(s). Let g = -15 + 13. Let k = 7 + g. Determine h(k).
2
Let y(s) = -10 + 9 + 12*s - 14*s. Let m be (-5 - (3 + -7)) + 3. Determine y(m).
-5
Let b(k) = -k**2 - 6*k - 4. Let j be b(-5). Let g(f) = -f + 6 - j + 0 + 0*f. Let d(y) = -y**2 - 5*y + 6. Let w be d(-6). Calculate g(w).
5
Le